sands digit of 25737734?
7
What is the millions digit of 68581145?
8
What is the ten millions digit of 185256605?
8
What is the ten millions digit of 686560682?
8
What is the millions digit of 77734493?
7
What is the thousands digit of 168134873?
4
What is the hundreds digit of 1020254541?
5
What is the units digit of 285813239?
9
What is the hundreds digit of 194722354?
3
What is the hundreds digit of 44135840?
8
What is the thousands digit of 285301368?
1
What is the millions digit of 870214033?
0
What is the units digit of 677127824?
4
What is the hundreds digit of 11919269?
2
What is the hundred thousands digit of 122658267?
6
What is the ten thousands digit of 81066975?
6
What is the ten millions digit of 240868105?
4
What is the ten millions digit of 12255442?
1
What is the hundred millions digit of 6256035432?
2
What is the millions digit of 48932233?
8
What is the hundred millions digit of 130108086?
1
What is the ten thousands digit of 4183746327?
4
What is the tens digit of 67349204?
0
What is the thousands digit of 88096097?
6
What is the thousands digit of 309307081?
7
What is the millions digit of 46245405?
6
What is the units digit of 290231019?
9
What is the hundreds digit of 3508450656?
6
What is the ten millions digit of 29562577?
2
What is the hundred thousands digit of 183204560?
2
What is the hundred thousands digit of 67307118?
3
What is the hundred millions digit of 1690853638?
6
What is the thousands digit of 1304537319?
7
What is the hundreds digit of 28006935?
9
What is the units digit of 210210639?
9
What is the hundred millions digit of 802659949?
8
What is the hundred millions digit of 4274954451?
2
What is the millions digit of 360495170?
0
What is the ten thousands digit of 625403919?
0
What is the thousands digit of 139677927?
7
What is the ten millions digit of 66714786?
6
What is the tens digit of 849435812?
1
What is the tens digit of 110391428?
2
What is the hundreds digit of 6925593605?
6
What is the hundred thousands digit of 55445320?
4
What is the hundreds digit of 2707552572?
5
What is the hundred thousands digit of 1542896605?
8
What is the millions digit of 267954957?
7
What is the billions digit of 3222311354?
3
What is the hundred millions digit of 226893185?
2
What is the hundreds digit of 340463869?
8
What is the hundreds digit of 511327956?
9
What is the ten thousands digit of 45995479?
9
What is the millions digit of 301741100?
1
What is the ten thousands digit of 3251729123?
2
What is the hundreds digit of 6693004166?
1
What is the hundreds digit of 6345464027?
0
What is the ten millions digit of 1053057001?
5
What is the hundred millions digit of 194663268?
1
What is the hundred millions digit of 1046555971?
0
What is the thousands digit of 1146414471?
4
What is the units digit of 32768412?
2
What is the hundred thousands digit of 9877529?
8
What is the ten thousands digit of 4004937136?
3
What is the hundreds digit of 282561155?
1
What is the hundred thousands digit of 116503565?
5
What is the thousands digit of 27727656?
7
What is the ten millions digit of 172526699?
7
What is the millions digit of 1632838158?
2
What is the tens digit of 47413988?
8
What is the hundred thousands digit of 204556319?
5
What is the ten thousands digit of 11701837?
0
What is the units digit of 378986988?
8
What is the millions digit of 97200568?
7
What is the ten thousands digit of 349887315?
8
What is the hundred thousands digit of 78105999?
1
What is the hundred millions digit of 611988085?
6
What is the hundreds digit of 5934515?
5
What is the tens digit of 89547811?
1
What is the hundreds digit of 154259540?
5
What is the thousands digit of 265363208?
3
What is the thousands digit of 76742862?
2
What is the hundred millions digit of 138204645?
1
What is the thousands digit of 47947445?
7
What is the tens digit of 748583612?
1
What is the hundred thousands digit of 743172522?
1
What is the hundred thousands digit of 26023441?
0
What is the thousands digit of 351780434?
0
What is the units digit of 6468741?
1
What is the ten thousands digit of 880832889?
3
What is the tens digit of 531363428?
2
What is the units digit of 1431979645?
5
What is the units digit of 71159647?
7
What is the thousands digit of 51929684?
9
What is the millions digit of 814178617?
4
What is the ten thousands digit of 2042159375?
5
What is the thousands digit of 62110071?
0
What is the hundred millions digit of 143818616?
1
What is the millions digit of 4692770592?
2
What is the ten millions digit of 140301669?
4
What is the billions digit of 2300768653?
2
What is the hundred millions digit of 1229965468?
2
What is the ten millions digit of 982162307?
8
What is the hundred thousands digit of 120993809?
9
What is the ten millions digit of 2446569107?
4
What is the ten millions digit of 173573927?
7
What is the ten thousands digit of 888621713?
2
What is the units digit of 32174861?
1
What is the ten thousands digit of 1653222?
5
What is the ten thousands digit of 828081917?
8
What is the hundred thousands digit of 5421281?
4
What is the hundreds digit of 583128195?
1
What is the hundred thousands digit of 41662781?
6
What is the thousands digit of 3105936935?
6
What is the units digit of 40595199?
9
What is the hundred thousands digit of 175980956?
9
What is the hundreds digit of 389850882?
8
What is the tens digit of 3980701533?
3
What is the millions digit of 35170541?
5
What is the ten thousands digit of 88747267?
4
What is the units digit of 169591904?
4
What is the ten thousands digit of 533295669?
9
What is the ten millions digit of 3601651800?
0
What is the units digit of 7890668?
8
What is the hundreds digit of 1911577476?
4
What is the hundreds digit of 185028781?
7
What is the ten thousands digit of 2798956394?
5
What is the units digit of 16386631?
1
What is the hundred thousands digit of 702699322?
6
What is the ten millions digit of 25316273?
2
What is the units digit of 215126425?
5
What is the ten millions digit of 33075010?
3
What is the hundred millions digit of 119112825?
1
What is the millions digit of 38010963?
8
What is the hundred thousands digit of 9007987828?
9
What is the hundreds digit of 3516009141?
1
What is the hundreds digit of 812806548?
5
What is the ten millions digit of 32451237?
3
What is the ten millions digit of 68565384?
6
What is the ten thousands digit of 90328918?
2
What is the thousands digit of 326356605?
6
What is the units digit of 6285148452?
2
What is the billions digit of 3632846241?
3
What is the hundred thousands digit of 2622649153?
6
What is the hundred thousands digit of 274957085?
9
What is the ten millions digit of 520449420?
2
What is the hundred thousands digit of 210794776?
7
What is the ten thousands digit of 1793893931?
9
What is the ten thousands digit of 2272569758?
6
What is the millions digit of 277787180?
7
What is the tens digit of 24510621?
2
What is the thousands digit of 379823783?
3
What is the millions digit of 106041763?
6
What is the ten thousands digit of 776019486?
1
What is the hundred millions digit of 404257061?
4
What is the hundred thousands digit of 478241512?
2
What is the hundred millions digit of 414841428?
4
What is the units digit of 81162378?
8
What is the hundreds digit of 77356698?
6
What is the billions digit of 3803564313?
3
What is the millions digit of 413043483?
3
What is the ten thousands digit of 2638726690?
2
What is the tens digit of 46937668?
6
What is the millions digit of 244624406?
4
What is the hundreds digit of 164847696?
6
What is the units digit of 9405752?
2
What is the units digit of 533502551?
1
What is the ten millions digit of 2450904501?
5
What is the ten thousands digit of 450829895?
2
What is the ten thousands digit of 1133247688?
4
What is the billions digit of 1112126048?
1
What is the ten millions digit of 368770902?
6
What is the hundred thousands digit of 41710246?
7
What is the hundred thousands digit of 54348601?
3
What is the ten thousands digit of 279267608?
6
What is the millions digit of 1161762491?
1
What is the hundred thousands digit of 149065962?
0
What is the units digit of 754568905?
5
What is the hundreds digit of 136750958?
9
What is the ten thousands digit of 3931699529?
9
What is the ten millions digi